is the highest common factor of b and 17?
17
Let c = 9 + -13. Let p = -5 + c. Let l be 86 - (1 + p/3). Calculate the highest common divisor of l and 11.
11
Let i(b) = 0*b - 6 - 3*b + 1 - 7. Let v be i(-7). Let l(h) = h**3 - 9*h**2 + h + 11. Let k be l(v). What is the greatest common divisor of k and 30?
10
Let r(m) = m**3 - m**2 + 3*m + 8. Let f be r(0). Suppose 0 = k - j - 9, -2*k - 3*j + 24 = -f*j. What is the highest common factor of 49 and k?
7
Let y = 199 + -101. Suppose 0 = 3*w - 53 - 31. Calculate the greatest common factor of w and y.
14
Suppose 19 = 3*i + 2*u, 4*u - 5 = i - u. Suppose 0*h - 3*h = -90. What is the greatest common divisor of h and i?
5
Suppose 8*r - 5*r = -a + 41, -2*r = 3*a - 32. What is the highest common factor of 767 and r?
13
Let i be ((-26)/4)/((-59)/236). What is the highest common factor of i and 91?
13
Suppose l + 4 = 0, 4*o = 9*o + l - 11. What is the greatest common divisor of o and 141?
3
Suppose 11*h + 120 = 14*h. Let t = h - 27. What is the highest common divisor of t and 117?
13
Let k = 278 + -263. Suppose 209 = 4*d + 29. What is the greatest common factor of k and d?
15
Let r be ((-21)/(-12) - 1) + (-3537)/12. Let q be (r/(-6) - 7)/(2 + 0). Calculate the greatest common factor of 105 and q.
21
Let z(k) = 20*k - 12. Let o = 4 + 2. Let i be z(o). Suppose i = 6*m - 60. What is the greatest common divisor of 42 and m?
14
Suppose -2*t - 38 = -p, 3*p = -2*p + 5*t + 175. Suppose g - 2 = 2*k, 2*g + 3*k - 26 - 13 = 0. Calculate the greatest common factor of g and p.
4
Let c be (216/90)/((-4)/(-30)). Calculate the greatest common divisor of 42 and c.
6
Let v be (16/(-12))/((-8)/(-126)*-3). Calculate the greatest common factor of 14 and v.
7
Suppose 4*i + 305 = -2*y + 1091, -5*i = y - 405. Calculate the greatest common factor of y and 10.
5
Let b(m) be the second derivative of m**4/12 + 48*m**2 + 4*m. Let w be b(0). Calculate the greatest common divisor of w and 12.
12
Suppose 0 = 2*f - 2, -5*w + 2*f = 4*f - 52. Let q(a) = -a**3 + 9*a**2 - 11*a + 29. Let h be q(7). What is the highest common factor of h and w?
10
Suppose 4*w - 3*q - 41 = 0, -3*w + q = -0*q - 37. Calculate the greatest common factor of 126 and w.
14
Let l be (3/(-2))/(33/(-110)). Suppose 2*v - 16 = -2*n, -14 = -3*n - l*v + 14. Let j be n/4 + 132/8. What is the greatest common divisor of 18 and j?
18
Let u(z) = -8*z - 10. Let o be u(-9). Let l(k) = -3*k**3 - 16*k**2 - 3*k + 3. Let h be l(-6). Calculate the greatest common divisor of o and h.
31
Suppose 0 = -29*q + 5 + 169. What is the highest common divisor of 126 and q?
6
Suppose -p = -0*p - 1. Let c(d) = d - 1. Let b be c(p). Suppose 2*i + 74 = 2*z + 2*z, z + 4*i - 14 = b. Calculate the highest common divisor of 144 and z.
18
Suppose -2*y + 622 = 2*b, 4*y = 5*b - 456 + 1655. Calculate the highest common factor of 68 and y.
34
Let f be (-1)/(-2) - (-34)/4. Let x be f/(1/2 - -1). Suppose v - x = -1. Calculate the highest common divisor of v and 30.
5
Suppose -4*a - 2*z = -100, 6*a - 5*z - 75 = 3*a. Let y = a + -13. Calculate the greatest common factor of 60 and y.
12
Let h = -1374 + 688. Let q be h/(-10) - 8/(-20). Calculate the greatest common divisor of q and 46.
23
Let n = 47 - 18. Let q(l) = 12*l**2 - 8*l + 5. Let c be q(2). Let z be (c + -35)*(-145)/(-2). What is the greatest common factor of z and n?
29
Suppose 0 = r - 8*r + 252. Let g be 14/21*-6*6. Let s = g + r. What is the greatest common factor of 8 and s?
4
Suppose 5*q - 8*i - 91 = -4*i, -q = -3*i - 27. Let r = -169 - -244. What is the greatest common divisor of q and r?
15
Let v be (-2)/(-7) - -2*(-183)/(-42). Suppose 5*f = -3*g + v, -4 = -0*g + 2*g. Calculate the greatest common factor of 48 and f.
3
Let u(z) = 2*z + 2. Let j be u(2). Let g = j - -14. Let b = -28 + 208. Calculate the greatest common factor of b and g.
20
Suppose -5*z = -5*q - 145, -1 - 1 = -2*q. What is the greatest common factor of z and 370?
10
Let w(x) = 10*x - 5*x - 4*x + 2. Let k be w(0). Let s(n) = n**2 - 7*n + 4. Let j be s(9). Calculate the highest common factor of k and j.
2
Let r be ((-20)/(-6))/(1/39). Suppose -2*x = -3*x + r. Let d be ((-26)/(-5))/(-5*(-2)/50). Calculate the greatest common divisor of x and d.
26
Let h be -1 - 4 - (9 + -9 - 4). Let f(r) be the first derivative of 6*r**3 - r**2 - r - 1. Let z be f(h). Calculate the greatest common divisor of 152 and z.
19
Suppose -8*c + 202 + 2230 = 0. Let b = 0 - -38. Calculate the highest common divisor of b and c.
38
Let u be (-1549)/(-7) + (-28)/98. What is the highest common factor of 51 and u?
17
Let n(q) = q**2 - 8*q + 15. Let f be n(8). Let l = 3 + 1. Suppose -1 = -4*y + 4*m - 9, 0 = -4*y - l*m + 32. What is the greatest common divisor of f and y?
3
Let s(a) = -a**3 - a**2 + 3*a. Let b be s(-3). Suppose 77 - b = 4*p. What is the highest common divisor of p and 17?
17
Suppose 0 = 3*s - 3*w - 3, 0*w = s - 2*w - 2. Suppose 2*k - 2 + 0 = s, -3*h - 3*k = -102. Calculate the greatest common divisor of h and 132.
33
Let l be -8 - (-4 - 5) - (-4)/2. Suppose -l*h + 21 = -3*c - 12, 0 = 2*h + 4*c - 4. Calculate the highest common factor of h and 16.
8
Let r(k) = -6*k**2 + 2*k + k**3 - 7 + 0*k**3 + 17. Let d be r(6). Suppose 3*m = -3*o + d - 4, 8 = o + 3*m. Calculate the greatest common divisor of o and 20.
5
Suppose 0 = 4*u - u - 18. Suppose 0 = -h - 0*h - u. Let v = h + 9. What is the greatest common factor of 21 and v?
3
Suppose h = 15 + 97. Let t = 80 + -64. Calculate the greatest common divisor of h and t.
16
Let k(f) be the first derivative of f**3/3 - 23*f**2/2 + 23*f + 9. Let a be k(22). Calculate the highest common factor of a and 11.
1
Suppose 6*h = 2*h + 24. Let x(a) = a**2 - 2*a + 8. Let n be x(h). Calculate the greatest common factor of n and 16.
16
Let o(v) = -2*v**2 - 15*v - 15. Let k be o(-5). What is the highest common factor of k and 35?
5
Let i = 60 + 2. What is the highest common divisor of i and 217?
31
Let z(o) = o + 3. Let n be z(-3). Suppose 4*w - 3*w - 12 = n. Suppose -61*m - 240 = -66*m. Calculate the highest common divisor of m and w.
12
Let p(n) = -n**3 + 2*n**2 + 2*n + 2. Let y be p(-4). Suppose -m = 4*m - y. Let a = 121 - 49. Calculate the highest common divisor of a and m.
18
Let i = -15 - -19. Suppose -i*x + 5*x = 2. What is the highest common factor of x and 22?
2
Suppose 0 = -3*h + 4*x + 16 + 15, 17 = 5*h + 2*x. Calculate the greatest common divisor of 160 and h.
5
Suppose 30 = 2*y + y + 5*x, y - 21 = 2*x. Let t(s) = -s**3 + 10*s**2 - s - 12. Let k be t(9). What is the highest common factor of k and y?
15
Let r = -31 - -34. Suppose 2*y + y + f = 198, -4*f - 198 = -r*y. What is the highest common factor of 44 and y?
22
Let s = -210 + 229. What is the highest common divisor of s and 361?
19
Let r(g) = g**2 + 0*g - 4 + 3 + 2*g + 3*g. Let w be r(-6). Suppose 3*f - 40 = -z - 0*f, 3*z - 160 = -f. Calculate the greatest common divisor of w and z.
5
Suppose 164 = 3*u - 5*m, 2*u - 112 = -0*m + 4*m. Let l = 7 - 5. Suppose -l*f + 52 = -u. Calculate the greatest common factor of 25 and f.
25
Let d(y) be the third derivative of -y**6/120 + y**5/20 - y**3/6 + y**2. Let s be d(2). Let h = 2609 - 2576. Calculate the greatest common factor of s and h.
3
Let d = 312 - 300. Calculate the highest common divisor of 132 and d.
12
Suppose -2*z + 10*z - 120 = 0. Let u be (-4)/(4*2/(-4)). Suppose -4*f - u*j = -0*f - 478, -j + 599 = 5*f. Calculate the highest common factor of f and z.
15
Let r be 2/10 - (-12)/(-10). Let g be 16/((-4)/(2/r)). Let n(a) = a**3 - 7*a**2 - 7*a - 4. Let b be n(g). Calculate the greatest common factor of 6 and b.
2
Let d = 66 - 138. Let i = d + 87. Calculate the highest common factor of 75 and i.
15
Let u(a) = 0*a - 13 - 3*a - 22*a + a**3 + 11*a**2. Let f be u(-12). What is the highest common divisor of 13 and f?
13
Let u be -186*4/18*-6. What is the highest common divisor of 806 and u?
62
Suppose 0 = 4*b - 2*o - 28, 0*o - 4*o - 26 = -2*b. Let q(m) = -m**3 + 6*m**2 - 1. Let f be q(b). Calculate the highest common divisor of 120 and f.
24
Suppose -c = -4*f + 65, -6*f + 2*f + 3*c = -59. Suppose -h - 23*m = -27*m - 37, -4*h - 2*m + 58 = 0. What is the greatest common factor of h and f?
17
Suppose 3*z = 6, z = -2*r - r - 127. Let m = -15 - r. What is the highest common factor o